f = -31 + 64. Calculate the remainder when 65 is divided by f.
32
Let j = -35 - -38. Suppose 0*u + 51 = j*u. What is the remainder when 66 is divided by u?
15
What is the remainder when (-3874)/(-91) + 6/14 is divided by 14?
1
Let u = 119 - 99. What is the remainder when ((-62)/(-5))/(4/u) is divided by 22?
18
Let a = -853 + 967. What is the remainder when a is divided by 15?
9
Let j be 268/4*-2*(-2 - 1). Let l = -109 + j. Calculate the remainder when l is divided by 49.
48
Let z(n) = 6*n**2 + 13*n - 6. Calculate the remainder when z(2) is divided by -2 - 4/(8/(-34)).
14
Let n(k) = 2*k - 46. Let g(m) = 3*m - 69. Let x(r) = 5*g(r) - 8*n(r). Suppose -3*u + 2*u + 29 = 0. What is the remainder when u is divided by x(13)?
9
Calculate the remainder when 78 is divided by -17 + 12 - (1 - -13)*-1.
6
Suppose -2*h = h - 21. Let q(l) = -2*l**2 + 19*l - 11. What is the remainder when 58 is divided by q(h)?
10
Let f = -5 - -45. Suppose -3*b = -4*i - 21, -9*b = -12*b - 2*i + 21. What is the remainder when f is divided by b?
5
Let h = -236 + 247. Calculate the remainder when 41 is divided by h.
8
Let j = 16 + -14. Suppose j*g - 15 = 23. Calculate the remainder when g is divided by 5.
4
Let t = 539 + -510. Calculate the remainder when 139 is divided by t.
23
Suppose -3*c - 4*x = -886, c + x + x = 294. What is the remainder when c is divided by 13?
12
What is the remainder when 42/(-6) - -19*13 is divided by 2?
0
Let i = 4 + 2. Calculate the remainder when i is divided by ((-2)/10)/((-7)/35).
0
Suppose -5*u - 510 = -7*u + 5*i, 0 = 3*i - 6. Suppose -u = -3*n - 2*n. Calculate the remainder when n is divided by 11.
8
Suppose -3*s + 20 = s. Let q(d) = -d + 3. Let c be q(5). What is the remainder when (-33)/c + (-3)/6 is divided by s?
1
Let w(g) = -17 - 4*g + g**3 - 9*g**2 + 4*g + 5*g - 9*g. Calculate the remainder when w(10) is divided by 24.
19
Let h be (126/((-3)/(-1)))/2. Let p = h - 18. Suppose 8 = p*t - 10. Calculate the remainder when 15 is divided by t.
3
Let v(i) = -8*i - 4. Let o be (156/18 - 6)*3/(-2). What is the remainder when 50 is divided by v(o)?
22
What is the remainder when (-7 - -6) + -2 - -108 is divided by 24?
9
Let r(w) = w**2 + 7*w + 12. Let o = 494 - 435. Calculate the remainder when o is divided by r(-9).
29
Let s(w) = w**2 - 18*w + 31. What is the remainder when 121 is divided by s(17)?
9
Let j(p) = 15*p - 21. Calculate the remainder when 116 is divided by j(3).
20
Suppose 0 = 4*n + 13*n + 646. Let t = 46 + n. What is the remainder when 22 is divided by t?
6
Calculate the remainder when (-2)/(-4) + 62/4 is divided by 9.
7
Suppose 16*b - 327 = 601. Calculate the remainder when b is divided by 32.
26
Let f(j) = j**2 + 4. Suppose 4*m = w + 8, m - 23 = -5*w - 0. Suppose 49 = r + 5*z, 4*z - 151 + 53 = -2*r. Calculate the remainder when r is divided by f(m).
10
Suppose 3 = 5*y - 17, 0 = -3*f + 4*y - 4. Suppose 3*c + 112 = f*c. Calculate the remainder when c is divided by 19.
17
Let x(l) = -l**3 + l**2 + l + 2. Let t be x(2). Suppose 4*d + a = 12, t*d = -d - 5*a + 3. What is the remainder when 29 is divided by (d/(-2))/((-3)/30)?
14
Suppose 3*i = 2*v + 56, -3*i + 3*v = 2*v - 55. What is the remainder when 88 is divided by i?
16
Let c(d) = 23*d + 54. Calculate the remainder when c(17) is divided by 7.
4
Let c be 1*4 - (14 + -13). Suppose -2*k - 15 = -c*k. What is the remainder when k is divided by 5?
0
Let z(t) = -21*t - 3. Let y be z(2). Let u = -24 - y. Calculate the remainder when 41 is divided by u.
20
Let x(z) = z**3 + 10*z**2 - 8*z + 23. Let w be x(-11). Let y = 14 + w. Calculate the remainder when 139 is divided by 858/22 - (y + 0).
34
What is the remainder when 6634/124 + 1/(-2)*1 is divided by 15?
8
Let u(t) = t**3 - 13*t**2 - 5*t + 61. What is the remainder when u(14) is divided by 38?
35
Let o be 12/48 + -5*6/(-8). Suppose -o*g + 4*a + 561 = -a, 5*a + 5 = 0. Calculate the remainder when g is divided by 10.
9
What is the remainder when 104 is divided by (117 - 3)*(-36)/(-108)?
28
Suppose 0 = -5*u + 29 - 89. Let f be 9/24 - (-596)/32. Let t = f + u. Calculate the remainder when 13 is divided by t.
6
Let f(x) = x**2 + 22. Let z(o) = -o**2 + 4*o - 3. Suppose -3*c = 12, -2*a + c + 7 = -a. Let w be z(a). Calculate the remainder when f(w) is divided by 12.
10
Let a be 60/2*8/2. Suppose 5*g = 3*i + 2*i - 195, -2*i = 4*g - 84. What is the remainder when i is divided by a/9 - 2/(-3)?
12
Suppose 29*s = 33*s - 540. What is the remainder when s is divided by 20?
15
Let k be (-1)/(4/(-36)) + -3. Let i = k + 24. Let p = -7 - -23. What is the remainder when i is divided by p?
14
Suppose 5*j = -2*s + 50, -3*j = -0*s + 4*s - 72. Let l = -2970 + 2978. Calculate the remainder when s is divided by l.
7
Let z = 1 + 24. Let y(w) = 4*w**2 - 7*w. Let t be y(7). Suppose 2*b - t = -2*i + b, i - 2*b = 76. Calculate the remainder when i is divided by z.
24
Suppose 4343*a - 4348*a + 410 = 0. Let f(y) be the third derivative of y**5/60 + y**4/8 - 3*y**2. Calculate the remainder when a is divided by f(-7).
26
Calculate the remainder when 504/882 + 2544/7 is divided by 6.
4
Suppose 4*y + 3*f - 48 = -0*y, 0 = -2*y + 2*f + 24. Let o = y - -2. Suppose i + 2*i - 162 = 0. Calculate the remainder when i is divided by o.
12
Suppose 92*j - 94*j + 54 = 0. Calculate the remainder when j is divided by ((-2)/(-1) + 8)*1.
7
Suppose 2*c = -3*c - 170. Let b be (-3 - -1) + c/(-1). Let r = -13 + b. Calculate the remainder when 55 is divided by r.
17
Let g = 34 - 29. Suppose -132 = -g*u + 93. Calculate the remainder when u is divided by 16.
13
Let n(q) = -2*q**3 - 9*q**2 + q + 16. Calculate the remainder when n(-5) is divided by 19.
17
Suppose -4*f + 0*f + 118 = -2*q, -3*q = -3*f + 81. Suppose 23*v = 19*v + f. Calculate the remainder when v is divided by 2.
0
Let l(f) = -f - 1 + 4*f - 4 + 3. Let r be l(2). Suppose -r*j + 9*j - 145 = 0. Calculate the remainder when 86 is divided by j.
28
Let p(f) = 9*f**2 + 21*f + 55. Calculate the remainder when 215 is divided by p(-3).
69
Suppose -4*v + 77 = 3*s, -8*s + 4*v = -4*s - 112. What is the remainder when 92 is divided by s?
11
Suppose 0 = 32*a - 34*a + 16. Suppose -8*u + 9*u = 21. What is the remainder when u is divided by a?
5
Let d(w) be the third derivative of -9*w**6/40 + w**5/60 - w**4/24 + 4*w**2. Let k be d(1). Let j = 41 + k. What is the remainder when 40 is divided by j?
12
Suppose q = 3*a + 17, 3*a + q + 2*q + 9 = 0. Let k = -3 - a. Suppose 0 = 3*s + 5 - 2, r - s - 6 = 0. What is the remainder when r is divided by k?
1
Let s(l) be the second derivative of 6*l**3 - 7*l**2/2 - 12*l. What is the remainder when s(2) is divided by 23?
19
Let q = 21 + -21. Suppose 5*y - 445 = -q*y. What is the remainder when y is divided by 23?
20
Suppose 2*q = -0*o - 5*o + 7, 70 = 5*q - 5*o. Calculate the remainder when q is divided by 10.
1
Let q(g) = -3*g - 3. What is the remainder when (-53)/(-3) - 1/(-3)*1 is divided by q(-4)?
0
Suppose -3*x - 21 = -3*h + 15, -67 = -5*h - 2*x. Calculate the remainder when h is divided by 4.
1
Let a(t) = -115*t + 721. Calculate the remainder when 175 is divided by a(6).
20
Suppose -9*t + 12 = -5*t + 2*d, d = 2. Calculate the remainder when 32 is divided by -2 + (-9)/(-6) + 35/t.
15
Let t = -527 + 1989. Suppose 340 = -11*p + t. What is the remainder when p is divided by 35?
32
Let q = 91 + 50. Calculate the remainder when q is divided by 36.
33
Let y be 1/(-1)*-9*3. Suppose 2*z - y = 11. Calculate the remainder when (-9)/((-216)/(-1168))*3/(-2) is divided by z.
16
Let x(a) = 2*a**2 - 2*a. Let r(k) = 74*k + 5027. What is the remainder when r(-67) is divided by x(3)?
9
Suppose m = 2*m - 19. Suppose 0 = -13*p + 17*p - 16. Suppose 0 = -p*c + 137 + 83. Calculate the remainder when c is divided by m.
17
Let z = -191 - -240. What is the remainder when z is divided by 1*(6 + -2 + 9)?
10
Let w(b) = 2*b**2 + 8*b - 10. Let r be w(-7). Let j = r - -2. What is the remainder when j is divided by 2/((-12)/(-54)) + 3?
10
Suppose 286 = b + 2*o, 18*o - 23*o + 15 = 0. What is the remainder when b is divided by 15?
10
Let k(y) = -22*y - 951. Suppose 0 = 2*v + 3*v - 225. Calculate the remainder when v is divided by k(-44).
11
Let w be 2/10 - 872/10. Let m = 11 - w. Suppose 2*y - 82 = -3*b, 5*b + m = 3*y - 25. Calculate the remainder wh